*k. Let f be 5*12*1/5. Calculate the greatest common divisor of f and k.
12
Let b(z) = z**3 + 7*z**2 - 10*z - 8. Let k be 8/10*(-30)/4. Let i be b(k). Let d = 243 - 221. Calculate the highest common divisor of i and d.
22
Suppose 0 = -4*j + 25 - 9. Let m be -1 + 1 - (-2 + -2). Calculate the highest common factor of j and m.
4
Let h be (5/(20/(-6)))/(5/(-40)). Let y be -3*(-4 - h/(-27)*-3). Calculate the highest common factor of 224 and y.
16
Let x = 453 + -271. Let j(h) = 5*h**2 - 4*h - 5. Let u be j(-1). Suppose 35 + 69 = u*v. What is the highest common factor of v and x?
26
Let w = -1 + 5. Suppose 4*h + 16 = w*c, 5*c - 8 = -h + 12. Suppose -3*q - 2*q - 10 = 0, 2*q = -5*s + 96. Calculate the greatest common factor of s and c.
4
Suppose -9 = -6*n + 33. Let f(c) = c**2 + c + 1. Let z be f(-2). Suppose -293 = -4*u + 3*g, -g = -z*g + 10. What is the highest common factor of u and n?
7
Let g be (-2 - 12)*(-28)/98. Suppose -2*z + 4 = -3*k + 4*k, -2*z = 4*k - 22. Suppose -20 = -k*s + s. Calculate the greatest common divisor of g and s.
4
Suppose -11*f + 12 + 219 = 0. What is the greatest common factor of 63 and f?
21
Suppose 3*z = 2*z + 33. Let r = -919 - -1018. Calculate the highest common factor of r and z.
33
Suppose -4669 - 1415 = -39*o. Calculate the greatest common factor of 104 and o.
52
Let q be 1/(-4) + 2 + 4095/12. Suppose 42 = 5*i - q. Calculate the highest common factor of i and 7.
7
Suppose -5*t = -5*q - 245, -4*t = -q + 2*q - 171. Let g = 17 - 30. Let l = -2 - g. What is the highest common factor of l and t?
11
Suppose 0 = 17*f - 13*f - 644. Let a = f + -149. Calculate the highest common factor of a and 18.
6
Let i = 149 + 11. What is the greatest common divisor of 80 and i?
80
Suppose 2*i + 5*g - 2 = 0, 3 = i - g + 2. What is the greatest common factor of 19 and i?
1
Let w = -57 + 57. Suppose 11*r - 7*r - 504 = w. What is the highest common factor of r and 42?
42
Let p(l) = l**3 - 14*l**2 + 24*l + 7. Let u be p(14). What is the greatest common divisor of u and 7?
7
Let b = -22 + 30. Suppose -s + 24 = 5*u, b*u - 4 = 4*s + 3*u. Suppose 0 = -s*r + 92 - 8. What is the greatest common factor of r and 7?
7
Suppose 8 - 2 = 3*l. Suppose l*r - 68 = -14. Calculate the highest common divisor of 243 and r.
27
Let w = 148 - 144. Suppose -w*p + 578 = k, -p - 4*k - 4 = -156. Calculate the highest common factor of 16 and p.
16
Let j(c) = -c**2 + 6*c - 2. Let q be j(5). Suppose 0 = 2*y + 10, -5*y = q*r - 23. Let u = 7 + -3. What is the greatest common divisor of r and u?
4
Suppose -i - 8424 = -25*i. What is the highest common factor of 27 and i?
27
Let r(j) = 5*j**2 + 30*j + 210. Let f be r(-7). What is the highest common divisor of f and 147?
49
Let i = -130 + 152. Let w(d) = 4*d + 5. Let j be w(7). What is the highest common factor of j and i?
11
Suppose -4*y - x = -459, -4*y - x = -3*x - 450. Suppose -6 = 3*j - 4*j. Calculate the highest common divisor of y and j.
6
Let z(t) = t**3 + 6*t**2 + 7*t + 6. Let l be z(-4). Suppose 0*x - l*x = -1450. What is the highest common divisor of x and 58?
29
Suppose 6*u - 43 = 137. Let j be (-214)/(-12) + 5/u + 0. Calculate the greatest common divisor of 4 and j.
2
Let x(w) = -w + 25. Let r be x(0). Suppose m + 3*b = 2*m - 23, 0 = 5*b - 20. Let u = -10 + m. Calculate the highest common divisor of u and r.
25
Suppose 47 = 3*b + 2. Let q(c) = 96*c. Let a be q(5). Suppose 6*n - 2*n = a. What is the highest common factor of b and n?
15
Suppose 5*z = 5*d - 136 + 16, 0 = 2*d + 2*z - 48. Calculate the highest common divisor of d and 16.
8
Let b = -2 + 18. Suppose 2*v - 25*a = -21*a + 124, v - 55 = a. What is the highest common factor of b and v?
16
Suppose 1066*g - 522 = 1060*g. Calculate the greatest common factor of g and 9.
3
Let y be (13/(-3))/(1/(-18)). Suppose -f = -4*v + 210, 2*f + 0 = -4. What is the greatest common factor of y and v?
26
Let j(a) = -a**3 - 11*a**2 - a + 3. Let r be j(-12). Calculate the greatest common divisor of r and 583.
53
Let o(t) = -9*t - 27. Let q be o(-6). Let m(l) = -l - l**2 - 4 + 5*l + 4*l + 7. Let g be m(5). What is the highest common divisor of q and g?
9
Suppose -5*p + 124 = -76. Suppose 16 + p = 2*n. Calculate the greatest common divisor of n and 140.
28
Let r(o) = 20*o + 180. Let a be r(-6). What is the highest common factor of a and 570?
30
Suppose 36*g - 6*g - 1500 = 0. Calculate the highest common divisor of 10 and g.
10
Let x = -82 - -85. Suppose l - 24 = -x*v, -23 = -5*l + 5*v + 17. Suppose -m + 8 = m. What is the highest common divisor of m and l?
4
Suppose -2*d = 4*n - 1716, -5*d + 6*d + 1722 = 4*n. What is the highest common divisor of n and 344?
86
Let z(r) = -10*r - 1. Let c be z(-1). Let l = 19 - 13. What is the greatest common divisor of l and c?
3
Suppose 4*j - 8 - 124 = 0. Let y = j - 9. Calculate the highest common factor of y and 8.
8
Let m(i) = -2*i**3 + i**2. Let l be m(-1). Suppose 0 = l*h + 17 - 227. Suppose -k = -3*k + h. What is the highest common divisor of 5 and k?
5
Suppose 104 = k + u, 3*k - u + 302 = 6*k. Calculate the greatest common divisor of 11 and k.
11
Let o(d) = -18 + 5*d + 7*d - d + 2. Let p be o(8). What is the greatest common divisor of 18 and p?
18
Let c(f) = f**3 + 23*f**2 + 16*f - 67. Let o be c(-22). What is the greatest common factor of 52 and o?
13
Let s be 8/((4/18)/2). Let d(k) = -160*k + 9138. Let l be d(57). Calculate the greatest common factor of s and l.
18
Suppose -3*l + 391 = -6*v + 2*v, 3*v + 3 = 0. Suppose -l - 193 = -14*t. Let c be -1*(0/(-1) - 23). What is the greatest common divisor of c and t?
23
Let z(b) = 3*b + 4. Let o be z(4). Suppose o*p - 880 = 12*p. Let u = 41 - 21. What is the greatest common factor of u and p?
20
Let t be (3/3)/((-7)/(-1680)). Suppose 0 = i - 7 - 8. What is the highest common factor of i and t?
15
Let n(l) = l - 3. Let s(b) = b**2 + 4*b - 6. Let p be s(-6). Let q be n(p). Let u be 39*-3*(-1)/q. Calculate the greatest common factor of 13 and u.
13
Suppose 3*u = 8*u + 25, -2*u = 4*b + 26. Let q(j) = -3*j**2 - 2*j. Let o be q(b). Let i = o + 56. What is the highest common factor of i and 112?
16
Let b be 5/(-2)*344/20. Let d = 76 + b. What is the highest common factor of 11 and d?
11
Let i(l) = l**3 - 6*l**2 - 13. Suppose 28 = o + 3*o. Let t be i(o). Suppose 4*w = -1 + 37. What is the greatest common factor of w and t?
9
Suppose 25 = -5*r - 35. Let c be (-204)/8*56/r. What is the highest common divisor of 17 and c?
17
Suppose -12 = 3*m - 57. Let l be 4/4 + -2 + m. What is the greatest common divisor of 21 and l?
7
Let n be (-48)/18*(-279)/12. What is the greatest common divisor of 155 and n?
31
Suppose 0 = 3*u - u - 260. Let i = 50 + -52. Let l be ((-1)/1)/(i/26). Calculate the greatest common divisor of u and l.
13
Suppose 0 = 5*v + q + 1, 2*v - 2*q - 3 = -1. Suppose v*y - 5*y + 35 = 0. Calculate the highest common factor of 14 and y.
7
Suppose -t + 2*g - 3 = -1, -3*g = 4*t - 3. Suppose s = -t*s + 2. Let f be 8*5/6*(-45)/(-150). Calculate the greatest common divisor of s and f.
2
Let f = 2971 - 1936. What is the greatest common factor of f and 45?
45
Suppose -p + 29 + 84 = 0. Suppose 5*s - 609 = j, 3*j = -s + j + p. What is the greatest common factor of s and 11?
11
Suppose 0 = -17*u + u + 160. Let y be (u + (5 - 6))/((-2)/(-10)). What is the greatest common factor of y and 9?
9
Let c be (-2 + 0)/(2 - (2 - -1)). Let j be 406*(6 - c)/8. What is the highest common divisor of 29 and j?
29
Let i = -228 - -372. Calculate the greatest common factor of 96 and i.
48
Let w(c) = -89*c + 335. Let d be w(-5). Calculate the highest common factor of 26 and d.
26
Suppose 0*c + 45 = 5*r + c, -2*r = c - 18. Let p = 240 - 234. Let x be ((-14)/p + 4)*r. Calculate the greatest common divisor of 15 and x.
15
Suppose 0 = 3*l + 3*p - 444 - 3873, -l = 4*p - 1433. What is the highest common factor of l and 22?
11
Let k(v) = v**2 + 4*v + 5. Let o be k(-3). Suppose 7*q - o*q - 30 = 0. What is the highest common divisor of q and 3?
3
Let t be 4/18 - 1393/(-9). Let h be (837/(-18))/((-3)/4). Suppose q + 2*x = -q + h, 3*x = 0. What is the greatest common factor of q and t?
31
Suppose 0 = -2*d - 67 - 61. Let m be d/6*(-132)/16. Suppose 5*k - k = m. Calculate the greatest common divisor of 2 and k.
2
Let m = 2816 - 2170. Calcu